nvert -10 (base 4) to base 11.
-4
2210 (base 3) to base 6
203
What is -1220 (base 4) in base 13?
-80
What is -3 (base 9) in base 6?
-3
1 (base 4) to base 6
1
Convert 0 (base 15) to base 2.
0
What is 3 (base 6) in base 12?
3
What is -100 (base 3) in base 12?
-9
Convert 5a (base 11) to base 9.
72
What is 11 (base 8) in base 15?
9
0 (base 16) to base 5
0
What is -61 (base 7) in base 10?
-43
14 (base 14) to base 15
13
2 (base 15) to base 7
2
-a2 (base 11) to base 10
-112
Convert -12 (base 7) to base 11.
-9
Convert 101 (base 8) to base 4.
1001
Convert -2 (base 8) to base 12.
-2
What is 21 (base 14) in base 16?
1d
What is 1 (base 16) in base 6?
1
-210 (base 8) to base 5
-1021
101100 (base 2) to base 9
48
Convert -46 (base 10) to base 8.
-56
0 (base 15) to base 8
0
0 (base 7) to base 12
0
211 (base 5) to base 10
56
What is -10 (base 4) in base 6?
-4
Convert -301 (base 5) to base 6.
-204
What is -2103 (base 4) in base 13?
-b4
-163 (base 11) to base 15
-ca
110001 (base 2) to base 4
301
Convert 13 (base 5) to base 3.
22
-2 (base 13) to base 2
-10
-1 (base 13) to base 11
-1
What is -2 (base 4) in base 15?
-2
What is -42 (base 5) in base 15?
-17
What is 156 (base 8) in base 5?
420
Convert 1116 (base 7) to base 15.
1c0
-30 (base 13) to base 11
-36
Convert 0 (base 16) to base 8.
0
What is -1 (base 9) in base 6?
-1
-308 (base 9) to base 6
-1055
Convert 42 (base 8) to base 14.
26
Convert -f (base 16) to base 15.
-10
Convert -144 (base 5) to base 3.
-1211
What is 0 (base 14) in base 15?
0
44 (base 12) to base 14
3a
Convert 31 (base 7) to base 6.
34
Convert 2300 (base 4) to base 16.
b0
What is -34 (base 9) in base 16?
-1f
What is -4 (base 16) in base 12?
-4
-67 (base 16) to base 5
-403
What is -7 (base 13) in base 10?
-7
Convert 1 (base 11) to base 14.
1
What is 10 (base 6) in base 11?
6
Convert 8 (base 15) to base 13.
8
What is -1 (base 4) in base 8?
-1
What is -2 (base 9) in base 5?
-2
Convert 13 (base 16) to base 3.
201
Convert 51 (base 13) to base 12.
56
0 (base 16) to base 12
0
Convert -3 (base 16) to base 11.
-3
20 (base 12) to base 3
220
43 (base 6) to base 3
1000
5 (base 8) to base 9
5
Convert 112 (base 4) to base 12.
1a
What is 232 (base 12) in base 15?
16b
What is -26 (base 11) in base 14?
-20
What is -1 (base 9) in base 13?
-1
-18 (base 15) to base 7
-32
Convert -b0 (base 16) to base 10.
-176
What is 8 (base 14) in base 13?
8
12 (base 4) to base 11
6
Convert -2 (base 5) to base 14.
-2
What is 5 (base 7) in base 16?
5
Convert 2213 (base 4) to base 11.
142
20 (base 15) to base 10
30
-100 (base 2) to base 11
-4
Convert -2000 (base 4) to base 9.
-152
Convert 0 (base 10) to base 13.
0
-3 (base 16) to base 12
-3
What is 21 (base 4) in base 7?
12
Convert -10111 (base 2) to base 11.
-21
Convert -3 (base 10) to base 16.
-3
Convert -1401 (base 5) to base 11.
-196
What is -26 (base 15) in base 11?
-33
What is 1 (base 8) in base 11?
1
What is -15 (base 12) in base 7?
-23
Convert 1 (base 14) to base 7.
1
25 (base 9) to base 16
17
What is -34 (base 9) in base 6?
-51
Convert 8 (base 9) to base 6.
12
Convert 1 (base 12) to base 6.
1
What is -2 (base 4) in base 13?
-2
What is -102 (base 3) in base 6?
-15
Convert 17 (base 8) to base 15.
10
What is 200 (base 3) in base 6?
30
-9 (base 14) to base 12
-9
Convert 11 (base 3) to base 4.
10
Convert -3 (base 16) to base 9.
-3
Convert 64 (base 11) to base 13.
55
What is -32 (base 6) in base 5?
-40
Convert 4 (base 8) to base 16.
4
0 (base 5) to base 10
0
What is -4 (base 16) in base 5?
-4
-bb (base 12) to base 16
-8f
What is 6 (base 14) in base 5?
11
Convert 16 (base 14) to base 3.
202
What is 134 (base 5) in base 7?
62
a3 (base 11) to base 12
95
What is 3 (base 16) in base 12?
3
What is 24 (base 12) in base 16?
1c
What is -2 (base 14) in base 12?
-2
Convert -a (base 15) to base 5.
-20
What is 5 (base 11) in base 9?
5
What is -17 (base 11) in base 16?
-12
Convert 7 (base 8) to base 16.
7
What is 10212 (base 3) in base 8?
150
Convert -41 (base 9) to base 11.
-34
-101 (base 2) to base 8
-5
-a (base 15) to base 10
-10
Convert 4 (base 13) to base 12.
4
Convert 11001 (base 2) to base 10.
25
Convert -220 (base 3) to base 7.
-33
Convert -12 (base 3) to base 8.
-5
-52 (base 14) to base 8
-110
8 (base 13) to base 11
8
What is 111 (base 3) in base 11?
12
What is c (base 15) in base 8?
14
-2122 (base 3) to base 12
-5b
What is 6 (base 9) in base 13?
6
Convert 6 (base 14) to base 13.
6
Convert 0 (base 16) to base 3.
0
What is 2 (base 10) in base 9?
2
-b (base 12) to base 3
-102
What is 0 (base 5) in base 7?
0
-22 (base 4) to base 15
-a
What is 1 (base 16) in base 10?
1
-31 (base 7) to base 2
-10110
-101 (base 4) to base 13
-14
Convert 7 (base 12) to base 6.
11
Convert 5 (base 16) to base 8.
5
Convert 1 (base 7) to base 5.
1
Convert 11 (base 7) to base 16.
8
Convert 15 (base 11) to base 14.
12
Convert 101 (base 3) to base 10.
10
-10e (base 16) to base 13
-17a
Convert -15 (base 15) to base 14.
-16
Convert 24 (base 14) to base 7.
44
What is -14 (base 12) in base 7?
-22
Convert -28 (base 10) to base 3.
-1001
10 (base 5) to base 14
5
Convert 32 (base 15) to base 14.
35
Convert 25 (base 12) to base 9.
32
What is 9 (base 16) in base 3?
100
What is -101 (base 2) in base 3?
-12
44 (base 13) to base 14
40
-d (base 16) to base 15
-d
Convert 3 (base 9) to base 11.
3
Convert 0 (base 4) to base 16.
0
Convert 24 (base 13) to base 11.
28
Convert -6 (base 8) to base 6.
-10
-5 (base 10) to base 8
-5
What is -23 (base 12) in base 6?
-43
Convert 6 (base 14) to base 7.
6
-2 (base 11) to base 9
-2
25 (base 15) to base 5
120
Convert -4 (base 12) to base 2.
-100
What is -1d (base 14) in base 6?
-43
88 (base 15) to base 16
80
Convert -14 (base 10) to base 2.
-1110
What is -3 (base 15) in base 12?
-3
Convert 63 (base 16) to base 3.
10200
3 (base 9) to base 8
3
What is 2 (base 13) in base 11?
2
What is -53 (base 6) in base 14?
-25
Convert -1012 (base 4) to base 2.
-1000110
-1d (base 16) to base 8
-35
Convert 2 (base 3) to base 4.
2
What is 13 (base 7) in base 11?
a
What is -1 (base 14) in base 8?
-1
-4f (base 16) to base 14
-59
211 (base 7) to base 9
127
What is -311 (base 5) in base 16?
-51
-111 (base 7) to base 16
-39
-40 (base 10) to base 6
-104
-5 (base 6) to base 2
-101
What is 10011 (base 2) in base 12?
17
-102 (base 4) to base 16
-12
What is -1 (base 2) in base 5?
-1
-c (base 15) to base 5
-22
-20 (base 11) to base 5
-42
Convert 201 (base 3) to base 15.
14
Convert -20 (base 4) to base 7.
-11
Convert -35 (base 11) to base 7.
-53
21 (base 10) to base 8
25
What is -60 (base 11) in base 3?
-2110
What is -1 (base 13) in base 5?
-1
What is 1 (base 15) in base 5?
1
-110 (base 2) to base 10
-6
Convert 11 (base 7) to base 9.
8
What is 1000 (base 2) in base 15?
8
Convert 32 (base 4) to base 15.
e
Convert -4a (base 12) to base 11.
-53
4 (base 7) to base 4
10
Convert -74 (base 9) to base 8.
-103
43 (base 8) to base 6
55
Convert 0 (base 16) to base 10.
0
3 (base 14) to base 12
3
What is 7 (base 9) in base 5?
12
-8 (base 15) to base 8
-10
What is -22 (base 4) in base 13?
-a
2 (base 14) to base 16
2
What is 5 (base 7) in base 2?
101
Convert -81 (base 12) to base 8.
-141
-45 (base 6) to base 10
-29
What is -211 (base 8) in base 3?
-12002
-24 (base 14) to base 2
-100000
Convert -a (base 11) to base 2.
-1010
What is 1 (base 9) in base 6?
1
-23 (base 8) to base 7
-25
Convert 19 (base 13) to base 4.
112
-6 (base 9) to base 7
-6
Convert -b (base 12) to base 7.
-14
What is 1 (base 15) in base 16?
1
3 (base 15) to base 4
3
-114 (base 5) to base 6
-54
-125 (base 10) to base 11
-104
Convert d (base 15) to base 12.
11
-322 (base 4) to base 9
-64
What is -8 (base 14) in base 15?
-8
Convert 2 (base 16) to base 13.
2
247 (base 9) to base 5
1310
4 (base 9) to base 3
11
-101 (base 2) to base 7
-5
Convert 11 (base 6) to base 14.
7
Convert 15 (base 6) to base 4.
23
10 (base 11) to base 15
b
Convert 1 (base 11) to base 13.
1
What is 0 (base 3) in base 10?
0
-1 (base 2) to base 6
-1
What is 26 (base 7) in base 10?
20
Convert 97 (base 12) to base 8.
163
12 (base 7) to base 14
9
What is -58 (base 15) in base 8?
-123
21 (base 3) to base 9
7
What is -122 (base 5) in base 11?
-34
Convert 4 (base 14) to base 15.
4
What is -10101010 (base 2) in base 3?
-20022
Convert 55 (base 15) to base 2.
10100